{"id":8891,"date":"2024-02-25T21:36:52","date_gmt":"2024-02-25T21:36:52","guid":{"rendered":"https:\/\/rent4event.si\/?post_type=product&#038;p=8891"},"modified":"2025-08-26T05:23:42","modified_gmt":"2025-08-26T05:23:42","slug":"predstavitveni-regal-cubo-bel","status":"publish","type":"product","link":"https:\/\/rent4event.si\/en\/najem\/ostalo\/predstavitveni-regal-cubo-bel\/","title":{"rendered":"Predstavitveni regal CUBO (bel)"},"content":{"rendered":"<p>Regal za sejemske in barske postavitve je funkcionalna in elegantna re\u0161itev za predstavitev izdelkov na sejmih. Zasnovana je za enostavno postavitev in razstavljanje, ponuja obilo prostora za razli\u010dne eksponate in razstavljene predmete. Najem regala je stro\u0161kovno u\u010dinkovita mo\u017enost za prilagodljivo sejemsko predstavitev.<\/p>","protected":false},"excerpt":{"rendered":"<p>Regal za sejemske in barske postavitve je funkcionalna in elegantna re\u0161itev za predstavitev izdelkov na sejmih. Zasnovana je za enostavno postavitev in razstavljanje, ponuja obilo prostora za razli\u010dne eksponate in&hellip; <a class=\"read-more-link\" href=\"https:\/\/rent4event.si\/en\/najem\/ostalo\/predstavitveni-regal-cubo-bel\/\">Preberi ve\u010d<\/a><\/p>","protected":false},"featured_media":8964,"comment_status":"closed","ping_status":"closed","template":"","meta":{"_monsterinsights_skip_tracking":false,"_monsterinsights_sitenote_active":false,"_monsterinsights_sitenote_note":"","_monsterinsights_sitenote_category":0},"product_brand":[],"product_cat":[146,15,629,491,322],"product_tag":[608,606,607],"class_list":{"0":"post-8891","1":"product","2":"type-product","3":"status-publish","4":"has-post-thumbnail","6":"product_cat-minimalisticen","7":"product_cat-ostalo","8":"product_cat-porsche-prireditev","9":"product_cat-sanki-pulti","10":"product_cat-vse","11":"product_tag-psotavitev","12":"product_tag-regal","13":"product_tag-sejemski-regal","15":"first","16":"instock","17":"shipping-taxable","18":"purchasable","19":"product-type-simple"},"_links":{"self":[{"href":"https:\/\/rent4event.si\/en\/wp-json\/wp\/v2\/product\/8891","targetHints":{"allow":["GET"]}}],"collection":[{"href":"https:\/\/rent4event.si\/en\/wp-json\/wp\/v2\/product"}],"about":[{"href":"https:\/\/rent4event.si\/en\/wp-json\/wp\/v2\/types\/product"}],"replies":[{"embeddable":true,"href":"https:\/\/rent4event.si\/en\/wp-json\/wp\/v2\/comments?post=8891"}],"version-history":[{"count":2,"href":"https:\/\/rent4event.si\/en\/wp-json\/wp\/v2\/product\/8891\/revisions"}],"predecessor-version":[{"id":8965,"href":"https:\/\/rent4event.si\/en\/wp-json\/wp\/v2\/product\/8891\/revisions\/8965"}],"wp:featuredmedia":[{"embeddable":true,"href":"https:\/\/rent4event.si\/en\/wp-json\/wp\/v2\/media\/8964"}],"wp:attachment":[{"href":"https:\/\/rent4event.si\/en\/wp-json\/wp\/v2\/media?parent=8891"}],"wp:term":[{"taxonomy":"product_brand","embeddable":true,"href":"https:\/\/rent4event.si\/en\/wp-json\/wp\/v2\/product_brand?post=8891"},{"taxonomy":"product_cat","embeddable":true,"href":"https:\/\/rent4event.si\/en\/wp-json\/wp\/v2\/product_cat?post=8891"},{"taxonomy":"product_tag","embeddable":true,"href":"https:\/\/rent4event.si\/en\/wp-json\/wp\/v2\/product_tag?post=8891"}],"curies":[{"name":"wp","href":"https:\/\/api.w.org\/{rel}","templated":true}]}}

<p>Regal za sejemske in barske postavitve je funkcionalna in elegantna rešitev za predstavitev izdelkov na sejmih. Zasnovana je za enostavno postavitev in razstavljanje, ponuja obilo prostora za različne eksponate in razstavljene predmete. Najem regala je stroškovno učinkovita možnost za prilagodljivo sejemsko predstavitev.</p>

<p>Regal za sejemske in barske postavitve je funkcionalna in elegantna rešitev za predstavitev izdelkov na sejmih. Zasnovana je za enostavno postavitev in razstavljanje, ponuja obilo prostora za različne eksponate in&hellip; <a class="read-more-link" href="https://rent4event.si/en/najem/ostalo/predstavitveni-regal-cubo-bel/">Preberi več</a></p>
